 - -43)).
30
What is the value of (-153 - -158) + 23 - (-2 + -2)?
32
What is -132 - -2 - (6535 - 6594)?
-71
What is (-97 - -57) + 37 - (1 + -1 + 8)?
-11
Calculate -57 - 7 - (-9 + (10 - 17) + 5).
-53
Evaluate -12 - (6 + -15 + -4 + -13).
14
(-82 - -31) + -2 + -53
-106
What is (218 - 116) + -108 + -1 + -1?
-8
Evaluate 29 + (20 - 38) - -2 - -16.
29
What is the value of -222 + 218 + (-4 - (-1 + 4 - (3 - -1)))?
-7
-17 - (49 - (-11 + 7 - 1 - -1))
-70
What is the value of 23 + (1 - 25) + 54?
53
Evaluate 9 - (-10 + 50) - (-23 - (-4 - 6)).
-18
What is 89 + -128 + 57 + -33?
-15
What is 2 + 44 - (-8451 - -8405)?
92
Evaluate 17 + 16 + -62 + 40.
11
Evaluate -136 - (-58 + (103 - 105)).
-76
What is the value of -2 - (-57 - 1) - (-24 + 40 + 21 + -39)?
58
What is the value of 3 + 2 + (4 - (-3 - -9)) - 3 - 52?
-52
Evaluate (-3 - -3) + -63 + (1117 - 1105).
-51
What is the value of -8 + -46 + 24 - -27?
-3
Evaluate (-12440 - -12591) + (0 - 57).
94
What is the value of -54 + 189 + 45 + -78?
102
What is the value of 67 - -1 - ((3 - (-10 + 24)) + (18 - -3))?
58
Calculate -20 - 0 - (3 + -82 + 41) - 78.
-60
What is the value of (-34 - 59 - -18) + 57?
-18
What is the value of -24 + 6 - (50 - (-42 + 78))?
-32
Evaluate -93 + 100 + 13 + 37.
57
Calculate (-13 + -88 - -2) + -9 - (1 - (10 - 7)).
-106
What is the value of 48 - (-46 + 1 - -86)?
7
What is (8 - (-1 + -12 + 23 + -15)) + -20?
-7
(79 + -83 - (-3 - -2)) + 15 + -8 + 1
5
Calculate (0 - -24) + (49 - -10 - 74) + 50.
59
-2 + -15 - ((-29 - (-49 - 3)) + 4 + -39)
-5
What is the value of 21 + -12 + (-17 - -16) + 24?
32
What is -95 - -86 - ((6 - 0) + (2 + 106 - 3))?
-120
-58 + (54 - -37) - 84
-51
Evaluate 60 - (-26 + 91) - -26.
21
Evaluate -2 - -2 - (26 + -2) - (-3392 + 3382).
-14
What is -236 + (583 - 345) + -129 + 0?
-127
What is (15 - (-7 - -9 - -2)) + (-4 - -6)?
13
What is 0 + (78 - 76 - (-1 + 13)) + 3 + 28?
21
-186 + (3 - -7) - -26 - -42
-108
What is 0 + -2 + 0 - (-36 + -3 + 755 + -795)?
77
What is 17 - (-9 - (-27 + (6 - 6)))?
-1
4 - (-20 + 18 + 18 - -3)
-15
What is -1898 + 1969 - (-2 - (-3 - 30))?
40
Calculate -2 + (12 - (-8 + 25)) - (5 - -2).
-14
Calculate 125 + -6 + (3 - (-1 - 2)) + 14.
139
What is -2 - ((23 + -15 + 29 - -20) + -18)?
-41
Evaluate 45 + (-78 - -31) + 14.
12
(-5 - -20) + (14 + 61 - 5)
85
What is the value of -17 - 2 - ((-2 - 22) + (-621 - -677))?
-51
Evaluate -5 - (-5 - -27) - -16 - (61 + 2 - 0).
-74
Calculate (-11 - (-24 + 2 + 46)) + (3 - (13 - -2)).
-47
-3 - -36 - -8 - (-21 + -2)
64
What is (28 + -77 - -25) + 28 + 1 + 21?
26
Calculate -23 - (-14 + 3 + -3) - (-46 + 5).
32
What is the value of (259 - 147) + (-19 - -37)?
130
-14 + (-25 + 38 - (1 - 24))
22
Calculate (11 - -102) + 57 + -286.
-116
What is 1 - 26 - (43 - -40 - 79)?
-29
What is the value of (-4 + 4 - (77 - 12 - 16)) + 13?
-36
What is the value of 15 + -7 - (2 + -10 - -21) - -19?
14
What is (-18 - (-2 + -26)) + (6 - 2 - 15) - -76?
75
11 - (18 + -2 - -131 - 48)
-88
Evaluate (-2 - (22 - -1)) + (-3 - (-7 + 8) - -15).
-14
Evaluate (-75 - 1 - -4) + 46 + -40 + (4 - 4).
-66
Evaluate 1 - (13 - 39) - (-11 - -20).
18
Calculate (-1 - (-4 + -2)) + 12 - -15 - 6.
26
Evaluate -1 - 27 - (596 - 655) - 108.
-77
What is (23 - 2 - 14 - -105) + 11 + -27?
96
Evaluate -30 - ((-1 - -55) + -41).
-43
(11 - (-13 - -14)) + 32 + -109
-67
Calculate 89 + -167 + 88 - (2 + (-19 - -1)).
26
Calculate -2 - (-40 - (10 + -47)).
1
What is ((32 - 19) + 1 - 18 - -7) + (0 - -11)?
14
What is -49 + 28 + 30 + -12?
-3
What is 1 - (1 + 0 + -5 - (5 + -2 - 34))?
-26
What is the value of (183 - (139 - 24)) + 54?
122
Calculate 48 - (23 - 1) - (9 - -1).
16
What is -187 + 195 - (0 + 37)?
-29
What is the value of 26 + -1 - (-4 - -7) - (-828 + 816)?
34
Evaluate -1413 - -1379 - (-76 + 0).
42
11 - (48 - 39) - 45
-43
What is -1 + -50 + (29 - (26 + (-21 - -21)))?
-48
What is 2 - ((-210 - -259) + -2 + 5)?
-50
Calculate 20 - (36 - (6 - -12)) - (2 - -4).
-4
-284 + 275 - (2 - 2 - (-31 + 46) - 5)
11
1048 + -1017 + (-80 - (-7 - -2))
-44
What is the value of (95 + -50 + -36 - 21) + -40?
-52
62 + (-35 + -76 - -159)
110
(-3 - -2 - (10 - 5)) + (-64 - -88)
18
21 - (-8 - (-54 - -17 - -18))
10
What is the value of 5 + -2 - (15 - (-1 + 9 + -8 + -2))?
-14
Calculate (0 - 2) + -1 + 2 + (-20 - (-58 + -14)).
51
Evaluate 6 + -45 + (6 - -2) + -7.
-38
What is the value of -356 - -350 - ((3 - -10) + 0)?
-19
What is the value of -19 - ((-3 - -8) + -165 + 124)?
17
Calculate 1 + (-14 - 55) - (-22 - -1).
-47
Evaluate -107 + (-14 - 28) + 80.
-69
Calculate (-15 - 5) + 107 - 29 - -7.
65
Calculate 7 - ((-20 - (1 + -20 + 9)) + -10).
27
Evaluate -102 - (-217 - -94) - (-23 - 1).
45
(189 - (52 + 60)) + (-3 - (-1 + 3 + 0))
72
What is (-11 - (-2 - 4)) + (-22 - -46)?
19
Evaluate (-29 - (-54 + 2)) + (-1 - (-2 + 1) - 1).
22
Evaluate ((-24 - -10) + 22 - 6) + -8.
-6
163 - 165 - (3 - 0 - 4)
-1
What is -155 + 0 + 2 + -93 + 33 + 84?
-129
Evaluate (2 - 3) + 0 + -6 + 8 + -8.
-7
Evaluate -36 - ((-9 - (-5 - 13 - -2)) + 9 + -6).
-46
What is the value of -10 + 0 - (-6 + (-2 - -2) + -14 + 8)?
2
What is the value of 20 - (-55 - (-93 + -54))?
-72
(-2 - -6) + -39 - (96 - 73)
-58
What is the value of (-63 - 10) + 63 - (-48 + (2 - -1))?
35
Calculate (17 - 10) + (8 - 26) + 45.
34
What is -1 + (50 - -1) - (57 - 105 - 39 - -77)?
60
Calculate -21 - (-16 - 22) - 25 - (40 + 4 + -7).
-45
-84 + (25 - 128) + 115
-72
What is -45 - (-84 - -78) - (-137 + 4)?
94
16 - (-10 - ((-28 - -5 - -3) + 11)) - -8
25
What is the value of -72 - ((-16 - 8) + (12 - 31))?
-29
Calculate (6 - (-30 + 32)) + -5 + (5 - -1) + -60.
-55
47 + -17 + 21 + (33 - 48) - -1
37
Evaluate -51 + 29 + 55 - 24.
9
Evaluate -23 + (10 - -53) + (-30 - -7).
17
Calculate 66 - 5 - (-67 + 105).
23
Evaluate (54 - 74 - (2 - -22)) + -1.
-45
What is 3 - (-49 - 45 - 41 - (-11 - 2 - 2))?
123
-3 + 3 + 1 + (-38 - 9) + 59
13
What is -18 - (-25 + 32 + -55 + 1)?
29
17 - (-16 + (5 - 3) - (-19 + 17))
29
-65 + (-237 - -290) + 1 + 22
11
Evaluate (-29 - 12) + 38 - 29.
-32
Calculate (1 - (-47 + -2)) + -2 - (247 - (87 - -148)).
36
What is -2 + 16 + 16 + (17 - (58 + 6))?
-17
What is -12 + -1 + 35 + (-8 - 7) - 40?
-33
26 + 2 - ((45 - -35) + -8)
-44
Evaluate (-9 + 14 - -5) + (3 - (13 + -9)) - -6.
15
What is the value of 56 - (-121 + 119 - -24)?
34
Evaluate -162 + (-55 - (-144 - -24)).
-97
Evaluate (10 + 12 - -16) + -30.
8
-7 + -15 + (-1 - -29) + -57 + -9
-60
Evaluate 1 - (23 - 33) - (-3 - 23 - 3).
40
What is the value of (97 - (-4 - 0)) + 1 + 10 + (-50 - -29)?
91
Calculate 10 - (-7 + 35 + -14 + -29).
25
(-16 - -34) + -36 + -8 + 7 + 48
29
Evaluate -41 - ((37 - 0 - 21) + 0).
-57
Calculate -37 - (17 + -37 - (-15 + 0 + 2)).
-30
What is the value of -32 - (41 + -36 + -25) - -7?
-5
Evaluate 68 + (30 + -68 - 2).
28
4332 + -4306 + (-1 - (-2 + -5))
32
What is the value of (0 - (26 + -3)) + -16 + 29?
-10
What is (6 + 21 - (-30 - -47)) + -59 + -1?
-50
(12 - -12) + -75 - (13 - (-5 + 6))
-63
257 + -73 + 223 + -304
103
Evaluate (8 - (-11 + 10 + 12 + 5)) + -5.
-13
Calculate (0 + 0 - 10) + ((-14 - 24) + 65 - -5).
22
Evaluate (134 - 124) + (-42 - 10).
-42
What is the value of -69 - -169 - 63 - (17 + 1 - -3)?
16
What is the value of 133 + 2 + -2 + 24 + (-905 - -880)?
132
Calculate 3 - 16 - (-34 + 56) - (-2 - 4).
-29
What is 31 - (31 + (71 - 124))?
53
2 + -11 + 5 - (-15 + -96 + -23)
130
Calculate 31 + (11 - (23 - 23) - -51).
93
Evaluate (-13 - (0 + (2 + -14 - -6))) + -133 + 127.
-13
(-7 - -16 - 1) + 7 + -15 + -63
-63
What is the value of (19 - 3) + (6 + 5 - 52)?
-25
Calculate -50 + -70 + 7 + 24 + 8.
-81
What is -56 + (1 + -14 - (-4 + 9 + -10))?
-64
Evaluate 2 + 4 - (-26 - (-1 + (-12 - (-19 + -7)))).
45
-55 - (-94 - (38 - 66))
11
What is the value of 17 + 27 + -41 + 45 + 27?
75
What is the value of -94 - (-5 - 6 - 56)?
-27
What is 81 - (6 + -40 + 62 + 7)?
46
What is -59 - -150 - 145 - -58?
4
What is the value of -42 + 0 - (-10374 - -10293)?
39
(31 + (-15 - -7) - (-1 - -11)) + -60
-47
(-2 - (0 - (19 + -7) - -8)) + -25
-23
What is -1 - (18 + 0 + 6 + -34 + 19 - 21)?
11
-2777 - -2720 - (-1 + 3 + -2 + 2 + -9)
-50
29 + (11 - 54) + 0
-14
-28 + (-68 + -6 - -70)
-32
-4 + 1 - (123 + 55 + -115)
-66
What is (30 - -11) + -121 - -29?
-51
What is the value of -370 + 393 - (-56 - (-2 + 8 + 2))?
87
Calculate 18 - (40 - (12 - 7)).
-17
What is the value of (49 - 28) + (9